{"id":357,"date":"2026-02-25T16:02:01","date_gmt":"2026-02-25T16:02:01","guid":{"rendered":"https:\/\/roxanasaraidetrinidad.fpcei.eu\/?post_type=product&#038;p=357"},"modified":"2026-02-25T16:02:02","modified_gmt":"2026-02-25T16:02:02","slug":"set-creativo-de-personalizacion-conectarte","status":"publish","type":"product","link":"https:\/\/roxanasaraidetrinidad.fpcei.eu\/?product=set-creativo-de-personalizacion-conectarte","title":{"rendered":"Set Creativo de Personalizaci\u00f3n \u2013 ConectArte"},"content":{"rendered":"<p data-start=\"351\" data-end=\"402\">Todo lo que necesitas para dar vida a tus ideas.<\/p>\n<p data-start=\"404\" data-end=\"602\">El <strong data-start=\"407\" data-end=\"453\">Set Creativo de Personalizaci\u00f3n ConectArte<\/strong> est\u00e1 pensado para quienes aman crear a su manera. Sin tem\u00e1tica cerrada, sin l\u00edmites. Solo materiales de calidad para personalizar lo que t\u00fa quieras.<\/p>\n<p data-start=\"604\" data-end=\"618\">&#x1f49b; Ideal para:<\/p>\n<ul data-start=\"619\" data-end=\"772\">\n<li data-start=\"619\" data-end=\"653\">\n<p data-start=\"621\" data-end=\"653\">Personalizar ropa y accesorios<\/p>\n<\/li>\n<li data-start=\"654\" data-end=\"706\">\n<p data-start=\"656\" data-end=\"706\">Decorar libretas, cajas, m\u00e1scaras o manualidades<\/p>\n<\/li>\n<li data-start=\"707\" data-end=\"729\">\n<p data-start=\"709\" data-end=\"729\">Talleres creativos<\/p>\n<\/li>\n<li data-start=\"730\" data-end=\"745\">\n<p data-start=\"732\" data-end=\"745\">Regalos DIY<\/p>\n<\/li>\n<li data-start=\"746\" data-end=\"772\">\n<p data-start=\"748\" data-end=\"772\">Emprendedoras handmade<\/p>\n<\/li>\n<\/ul>\n<hr data-start=\"774\" data-end=\"777\" \/>\n<h3 data-start=\"779\" data-end=\"799\">&#x1f381; \u00bfQu\u00e9 incluye?<\/h3>\n<ul data-start=\"801\" data-end=\"1029\">\n<li data-start=\"801\" data-end=\"833\">\n<p data-start=\"803\" data-end=\"833\">Pinturas de colores surtidos<\/p>\n<\/li>\n<li data-start=\"834\" data-end=\"859\">\n<p data-start=\"836\" data-end=\"859\">Glitter fino y grueso<\/p>\n<\/li>\n<li data-start=\"860\" data-end=\"882\">\n<p data-start=\"862\" data-end=\"882\">Confeti decorativo<\/p>\n<\/li>\n<li data-start=\"883\" data-end=\"907\">\n<p data-start=\"885\" data-end=\"907\">Pegatinas brillantes<\/p>\n<\/li>\n<li data-start=\"908\" data-end=\"931\">\n<p data-start=\"910\" data-end=\"931\">Rotuladores glitter<\/p>\n<\/li>\n<li data-start=\"932\" data-end=\"953\">\n<p data-start=\"934\" data-end=\"953\">Pinceles variados<\/p>\n<\/li>\n<li data-start=\"954\" data-end=\"984\">\n<p data-start=\"956\" data-end=\"984\">Herramientas de aplicaci\u00f3n<\/p>\n<\/li>\n<li data-start=\"985\" data-end=\"1029\">\n<p data-start=\"987\" data-end=\"1029\">Estuche organizador premium reutilizable<\/p>\n<\/li>\n<\/ul>\n<p data-start=\"1031\" data-end=\"1119\">&#x2728; Todo organizado en un estuche elegante con cierre, perfecto para guardar y reutilizar.<\/p>\n","protected":false},"excerpt":{"rendered":"<p>El <strong data-start=\"407\" data-end=\"453\">Set Creativo de Personalizaci\u00f3n ConectArte<\/strong> est\u00e1 pensado para quienes aman crear a su manera. Sin tem\u00e1tica cerrada, sin l\u00edmites. Solo materiales de calidad para personalizar lo que t\u00fa quieras.<\/p>\n","protected":false},"featured_media":353,"comment_status":"open","ping_status":"closed","template":"","meta":{"_uag_custom_page_level_css":"","site-sidebar-layout":"default","site-content-layout":"","ast-site-content-layout":"default","site-content-style":"default","site-sidebar-style":"default","ast-global-header-display":"","ast-banner-title-visibility":"","ast-main-header-display":"","ast-hfb-above-header-display":"","ast-hfb-below-header-display":"","ast-hfb-mobile-header-display":"","site-post-title":"","ast-breadcrumbs-content":"","ast-featured-img":"","footer-sml-layout":"","ast-disable-related-posts":"","theme-transparent-header-meta":"default","adv-header-id-meta":"","stick-header-meta":"","header-above-stick-meta":"","header-main-stick-meta":"","header-below-stick-meta":"","astra-migrate-meta-layouts":"set","ast-page-background-enabled":"default","ast-page-background-meta":{"desktop":{"background-color":"var(--ast-global-color-5)","background-image":"","background-repeat":"repeat","background-position":"center center","background-size":"auto","background-attachment":"scroll","background-type":"","background-media":"","overlay-type":"","overlay-color":"","overlay-opacity":"","overlay-gradient":""},"tablet":{"background-color":"","background-image":"","background-repeat":"repeat","background-position":"center center","background-size":"auto","background-attachment":"scroll","background-type":"","background-media":"","overlay-type":"","overlay-color":"","overlay-opacity":"","overlay-gradient":""},"mobile":{"background-color":"","background-image":"","background-repeat":"repeat","background-position":"center center","background-size":"auto","background-attachment":"scroll","background-type":"","background-media":"","overlay-type":"","overlay-color":"","overlay-opacity":"","overlay-gradient":""}},"ast-content-background-meta":{"desktop":{"background-color":"var(--ast-global-color-4)","background-image":"","background-repeat":"repeat","background-position":"center center","background-size":"auto","background-attachment":"scroll","background-type":"","background-media":"","overlay-type":"","overlay-color":"","overlay-opacity":"","overlay-gradient":""},"tablet":{"background-color":"var(--ast-global-color-4)","background-image":"","background-repeat":"repeat","background-position":"center center","background-size":"auto","background-attachment":"scroll","background-type":"","background-media":"","overlay-type":"","overlay-color":"","overlay-opacity":"","overlay-gradient":""},"mobile":{"background-color":"var(--ast-global-color-4)","background-image":"","background-repeat":"repeat","background-position":"center center","background-size":"auto","background-attachment":"scroll","background-type":"","background-media":"","overlay-type":"","overlay-color":"","overlay-opacity":"","overlay-gradient":""}}},"product_brand":[],"product_cat":[43],"product_tag":[],"class_list":{"0":"post-357","1":"product","2":"type-product","3":"status-publish","4":"has-post-thumbnail","6":"product_cat-sin-categorizar","7":"desktop-align-left","8":"tablet-align-left","9":"mobile-align-left","11":"first","12":"instock","13":"sale","14":"taxable","15":"shipping-taxable","16":"purchasable","17":"product-type-simple"},"uagb_featured_image_src":{"full":["https:\/\/roxanasaraidetrinidad.fpcei.eu\/wp-content\/uploads\/2026\/02\/ChatGPT-Image-25-feb-2026-16_41_48.png",1024,1024,false],"thumbnail":["https:\/\/roxanasaraidetrinidad.fpcei.eu\/wp-content\/uploads\/2026\/02\/ChatGPT-Image-25-feb-2026-16_41_48-150x150.png",150,150,true],"medium":["https:\/\/roxanasaraidetrinidad.fpcei.eu\/wp-content\/uploads\/2026\/02\/ChatGPT-Image-25-feb-2026-16_41_48-300x300.png",300,300,true],"medium_large":["https:\/\/roxanasaraidetrinidad.fpcei.eu\/wp-content\/uploads\/2026\/02\/ChatGPT-Image-25-feb-2026-16_41_48-768x768.png",768,768,true],"large":["https:\/\/roxanasaraidetrinidad.fpcei.eu\/wp-content\/uploads\/2026\/02\/ChatGPT-Image-25-feb-2026-16_41_48.png",1024,1024,false],"1536x1536":["https:\/\/roxanasaraidetrinidad.fpcei.eu\/wp-content\/uploads\/2026\/02\/ChatGPT-Image-25-feb-2026-16_41_48.png",1024,1024,false],"2048x2048":["https:\/\/roxanasaraidetrinidad.fpcei.eu\/wp-content\/uploads\/2026\/02\/ChatGPT-Image-25-feb-2026-16_41_48.png",1024,1024,false],"woocommerce_thumbnail":["https:\/\/roxanasaraidetrinidad.fpcei.eu\/wp-content\/uploads\/2026\/02\/ChatGPT-Image-25-feb-2026-16_41_48-300x300.png",300,300,true],"woocommerce_single":["https:\/\/roxanasaraidetrinidad.fpcei.eu\/wp-content\/uploads\/2026\/02\/ChatGPT-Image-25-feb-2026-16_41_48-600x600.png",600,600,true],"woocommerce_gallery_thumbnail":["https:\/\/roxanasaraidetrinidad.fpcei.eu\/wp-content\/uploads\/2026\/02\/ChatGPT-Image-25-feb-2026-16_41_48-100x100.png",100,100,true]},"uagb_author_info":{"display_name":"admin","author_link":"https:\/\/roxanasaraidetrinidad.fpcei.eu\/?author=0"},"uagb_comment_info":0,"uagb_excerpt":"El Set Creativo de Personalizaci\u00f3n ConectArte est\u00e1 pensado para quienes aman crear a su manera. Sin tem\u00e1tica cerrada, sin l\u00edmites. Solo materiales de calidad para personalizar lo que t\u00fa quieras.","_links":{"self":[{"href":"https:\/\/roxanasaraidetrinidad.fpcei.eu\/index.php?rest_route=\/wp\/v2\/product\/357","targetHints":{"allow":["GET"]}}],"collection":[{"href":"https:\/\/roxanasaraidetrinidad.fpcei.eu\/index.php?rest_route=\/wp\/v2\/product"}],"about":[{"href":"https:\/\/roxanasaraidetrinidad.fpcei.eu\/index.php?rest_route=\/wp\/v2\/types\/product"}],"replies":[{"embeddable":true,"href":"https:\/\/roxanasaraidetrinidad.fpcei.eu\/index.php?rest_route=%2Fwp%2Fv2%2Fcomments&post=357"}],"wp:featuredmedia":[{"embeddable":true,"href":"https:\/\/roxanasaraidetrinidad.fpcei.eu\/index.php?rest_route=\/wp\/v2\/media\/353"}],"wp:attachment":[{"href":"https:\/\/roxanasaraidetrinidad.fpcei.eu\/index.php?rest_route=%2Fwp%2Fv2%2Fmedia&parent=357"}],"wp:term":[{"taxonomy":"product_brand","embeddable":true,"href":"https:\/\/roxanasaraidetrinidad.fpcei.eu\/index.php?rest_route=%2Fwp%2Fv2%2Fproduct_brand&post=357"},{"taxonomy":"product_cat","embeddable":true,"href":"https:\/\/roxanasaraidetrinidad.fpcei.eu\/index.php?rest_route=%2Fwp%2Fv2%2Fproduct_cat&post=357"},{"taxonomy":"product_tag","embeddable":true,"href":"https:\/\/roxanasaraidetrinidad.fpcei.eu\/index.php?rest_route=%2Fwp%2Fv2%2Fproduct_tag&post=357"}],"curies":[{"name":"wp","href":"https:\/\/api.w.org\/{rel}","templated":true}]}}